se -3*v = n - 3, 3*v = -0*n - 4*n + 3. Suppose n = 2*r - 3*r, -18 = -3*y + 2*r. Is (-132819)/(-27) + y/(-27) composite?
False
Let v be 69/24 - (-7)/56. Suppose 7*o + 3785 = 3*s + v*o, -5*s + 6303 = -4*o. Is s prime?
True
Let s = 183103 + -108914. Is s a composite number?
False
Suppose -4 = -2*p - 2. Let q be 2 + (6 + -4)*p. Suppose -531 = -q*v + 97. Is v a prime number?
True
Suppose -6*z = -m - 5*z + 10, -6 = 2*z. Suppose 3*q + 3*g = m + 2, g = 4*q - 37. Suppose q = i - 5*k - 16, 3*i + k = 152. Is i prime?
False
Suppose 3*h - 5157 = 7377. Let r = 4735 + h. Let x = r - 5464. Is x a prime number?
True
Let g(s) = -4823*s + 112. Is g(-3) a prime number?
False
Let z(d) = d**3 + 4*d**2 - 4*d + 5. Let q = 32 + -37. Let a be z(q). Suppose 4*t + 155 = w - t, a = -3*w - 2*t + 431. Is w prime?
False
Let w(t) = 2*t + 31. Let h be w(-13). Suppose 0 = -2*n + g + 12, 5*n = -0*g - h*g. Suppose -n*s + 114 = -1850. Is s a prime number?
True
Is 11039 - -26 - (10 - -1) a composite number?
True
Suppose -38*u + 3187022 = -704064. Is u a prime number?
True
Let h(z) = -103*z**3 + 3*z**2 + 29*z + 73. Is h(-8) a prime number?
True
Suppose 21 + 15 = 3*u. Let b(r) = 35*r**2 + 15 - 8 + u*r - 7*r. Is b(-3) a composite number?
False
Suppose 0 = 2*z + 2*v - 6*v + 74, -3*v = -5*z - 199. Let l = 72 + z. Is l composite?
False
Is (-1975155)/(-26) + (3/9)/(4/(-6)) a prime number?
True
Suppose 0 = 10*q + 71960 - 223970. Suppose -4*i + q = -2987. Is i composite?
False
Let t(g) = 421*g**2 + 4*g - 66. Let c be t(-15). Is c/23 + ((-3)/1 - -1) prime?
True
Is (((-16)/40)/(3/30))/(8/(-156934)) composite?
False
Suppose -4*y = -4*h + 2671 + 2413, -y - 1277 = 5*h. Let s = y + 1801. Is s a prime number?
False
Let j(l) = -208*l**2 + 3*l + 3. Let r be j(3). Let f be (8/20)/((-2)/r). Suppose -2*i + 6*i = f. Is i a prime number?
False
Let y(l) be the first derivative of 41*l**3/3 + 19*l**2/2 - 13*l + 129. Is y(-5) a prime number?
False
Let c(p) = -p**3 - 4*p**2 + p + 9. Let n be c(-4). Suppose -t + 16 = -n*t, -28 = -4*v - t. Suppose -2*k + 981 = 4*l - 995, 4*k = v. Is l a prime number?
False
Suppose o - 6*o - 5*z + 17315 = 0, 3*o - 2*z - 10369 = 0. Suppose 2*c + 2958 = 3*d + 632, -o = 3*c + 3*d. Let q = -444 - c. Is q a composite number?
True
Suppose 0 = -116*q + 146*q - 492330. Is q composite?
False
Let s(z) = 12*z**3 - 3*z**2 - 7*z - 117. Is s(11) prime?
False
Suppose 4*h + 4*p - 2 = p, 0 = 5*h - p - 12. Suppose -20*c = -16*c + u - 206, h*u + 200 = 4*c. Is c a prime number?
False
Let b(p) = 75*p + 3. Let l be b(0). Suppose 0 = l*y - 70671 + 1968. Is y a prime number?
True
Let z(v) = 2 - 1 - 4 + 0 + 133*v. Suppose -14 = -20*i + 13*i. Is z(i) a composite number?
False
Is ((-5385954)/56)/(7/(28/(-3))) prime?
True
Suppose 0 = -5*q - 0 + 25. Suppose 3*m - 9500 = -4*h, -q*h - 7*m + 3*m + 11874 = 0. Suppose 2*x - z - 2378 = 0, -x + 3*x - h = -2*z. Is x a composite number?
True
Let p = -24 - -28. Let k(i) = 5 - i - p*i + 4*i**2 + 15*i**3 + 3*i**2 - 3*i**2. Is k(3) prime?
True
Let n be 31/(-62)*0/2. Suppose n = 92*d - 108*d + 21904. Is d composite?
True
Suppose 5*c - 2*y + 4970 = y, -5*c - 5*y = 5010. Let f = 1476 + c. Is f a prime number?
True
Let v = -284 - -396. Let c = v + 1137. Is c a composite number?
False
Suppose 5*i + 26741 + 85954 = 0. Is i/(-66) + 2/(-4) prime?
False
Suppose -185*f + 4*u - 33394 = -187*f, 0 = 3*f - 2*u - 50099. Is f prime?
True
Suppose 11*r - 254197 = -2*z + 8*r, 0 = 5*z - 4*r - 635527. Is z prime?
True
Let n(i) = 3*i**2 + 13*i + 2. Let r be n(-5). Let g be 0 + 4745 - (r - 16). Is g/9 + (-8)/(-6) a prime number?
False
Let t = -808 - -810. Let i = 942 + 1804. Is t*(-3 - i/(-4)) a composite number?
False
Let a(t) = -t + 12. Let d be a(10). Suppose 2*n - d*m = 45122 - 17434, 5*n - 69208 = m. Is n prime?
True
Suppose 4*r + 69 = 3*m, -12*m - r + 73 = -8*m. Let v(c) be the second derivative of 40*c**3/3 + 23*c**2/2 + c. Is v(m) prime?
True
Let f be (2/(-16))/((-16)/(-96))*-12. Suppose -12*r = 4*j - f*r - 4739, 0 = -2*j + 3*r + 2383. Is j a composite number?
False
Let w be 1350/(-125) - ((-2)/(-5))/2. Let r be (-1)/(-4)*w/(33/(-24)). Suppose 369 = -0*c + c - 3*a, -r*a = -8. Is c prime?
False
Suppose 50*k = 15*k + 183085. Let c = -2068 + k. Is c composite?
False
Let l(x) = 5*x + 74. Let g be l(-16). Let t(b) = -499*b + 4. Is t(g) composite?
True
Let q(k) = 4298*k - 53. Let a = -18 - -21. Is q(a) composite?
False
Suppose -16*y = 4*y - 95020. Let u = y + -2494. Is u prime?
False
Suppose -5*l = -4*n - 46197, 0 = -7*l + 4*l + n + 27714. Suppose -15*b = -18*b + l. Is b a prime number?
True
Let t be 5*1*(-4)/2. Let d = t - -13. Is d + (-1 - 2) - 393*-1 composite?
True
Suppose -3*a - k = -90140, -4*a + 122380 = -2*k + 2190. Is a a prime number?
True
Let o(a) = 1490*a + 401. Is o(39) composite?
False
Suppose -3927883 = -468*w + 415*w. Is w a composite number?
True
Let t(a) = a**3 + 25*a**2 - 56*a - 51. Let b be t(-27). Let s(j) = -306*j - 3. Let n be s(-2). Suppose 2502 = b*q + n. Is q prime?
True
Suppose -12*j + 79271 = -7*j - 4*w, -79277 = -5*j + 3*w. Is j a prime number?
True
Suppose -1117*v + 555*v = -549*v - 295009. Is v prime?
False
Is (61 - 61) + (-3379401)/(-15) + 4/(-10) composite?
True
Let r = -96196 + 169687. Let l = -47968 + r. Is l prime?
True
Let s(z) = -5*z + 14. Let d(a) = -a**2 + 6*a - 14. Let x(r) = 2*d(r) + 3*s(r). Let v be x(-4). Let h(q) = q**3 + 8*q**2 - 5*q + 1. Is h(v) a composite number?
False
Suppose -51 = -3*u + 2*z, -2*z = 4*u - 13 - 41. Let v be 2515/u + (1 + 1)/6. Let m = 261 - v. Is m composite?
True
Suppose 0 = 3*k - m - 19, 0 = -3*m + 4*m + 1. Is (-191)/(-1)*(k + -5) a prime number?
True
Let d(r) = 20*r + 148. Let y be d(-5). Suppose -52*g = -y*g - 25828. Is g composite?
True
Let a(z) = -z**3 + z**2 - 2. Let c be a(0). Let j be -2*(-3)/c - (-2 + -3). Suppose 0 = -j*g - 1408 + 4130. Is g a prime number?
True
Let t(v) = 2420*v - 61. Let w be t(10). Suppose -w = -4*g - 567. Is g a prime number?
False
Is ((-1)/3 - 192/1152)*-1492954 a prime number?
True
Is 41290 - (-12 - 299/(-13)) prime?
False
Suppose n - 4*x - 7600 = -137, 2*x = 6. Suppose -10856 - n = -3*v - 4*j, -5*v - j = -30580. Is v a prime number?
False
Let r be (-1)/3 - (-1408)/(-96). Is 565/r*(-1947)/11 a prime number?
False
Suppose -2095718 - 3622844 = -34*h. Is h a composite number?
False
Let g(o) = -23 + 108*o + 15 + 9 + 18. Is g(34) a prime number?
True
Let a = 38 + -39. Let u be (-14 - (-3)/(-1)) + a. Let w = 33 + u. Is w composite?
True
Let g = 386 - 182. Is 1240500/g + 6/51 composite?
True
Let j(h) = 4736*h**2 - 57*h + 450. Is j(11) a composite number?
False
Is (3/24)/((-10162045)/(-1451720) - 7) a composite number?
False
Suppose 14*s - 480730 = 208812. Is s a composite number?
False
Suppose 0*b = 2*b - 80. Let k be 8436/b + 1/10. Suppose 955 = 4*o - 4*g + 143, 5*g + k = o. Is o a prime number?
False
Let d(g) = 240*g**3 + g**2 - 36*g - 20. Is d(7) a composite number?
True
Let j be (513517/(-2))/(11/(-22)). Suppose -3*t = 5*u - j, -3*t - 12 = -24. Is u a composite number?
False
Let i(b) = 707*b + 5315. Is i(64) a prime number?
False
Let z(l) = 23908*l - 3263. Is z(3) a prime number?
False
Suppose q - 2*j + 6*j = 455, 5*j = 2*q - 897. Suppose -24*m + 23*m = 3*k - 5115, -5*m = -5*k + 8505. Let d = q + k. Is d a prime number?
False
Let s(j) = -4*j + 4. Let u be s(1). Let v(d) = -d**3 + d**2 + 2. Let y be v(u). Suppose 3*i + 5*b = 5413, y*i - 4*i - b + 3604 = 0. Is i composite?
False
Suppose 3*o = 2*d + 37, d - 16 = o + 6*d. Suppose -o = 2*p + 47. Is 839*2*(p/(-8) - 3) a composite number?
False
Let x(i) = -i**3 - 20*i**2 - 21*i - 37. Let m be x(-19). Is (15003/(-12))/(m/(-4)) - 4 a prime number?
False
Let c = 71 + -52. Suppose c - 179 = -16*i. Suppose 0 = i*n - 6632 - 1298. Is n a prime number?
False
Let b(o) = 131*o**2 + 2*o - 132. Is b(53) a composite number?
True
Suppose 51 - 48 = -3*m. Let h(j) = -22210*j + 7. Is h(m) composite?
True
Is (50/(-40))/(5/(-4916872)) prime?
False
Let v(y) = -y - 3. Let i be v(-4). Let q be 4*i + 12 + -11. Suppose -4*x + 57 = -q*g - 35, 2*x - 2*g - 46 = 0. Is x composite?
False
Suppose 2*m = 4231 + 4731. Suppose 4*g - 3*u - m = 3725, -g + 2051 = -u. Is g a prime number?
True
Suppose -q = 3*r - 553592 - 1191347, -2*r = 3*q - 1163302. Is r composite?
True
Suppose 3*